*(7 - -2) is divided by 14?
13
Let n(c) = -c**2 + 4*c + 3. Let j be n(4). Let g(o) = 1 + 2*o**2 + 4*o + j*o - 6*o. Calculate the remainder when g(-2) is divided by 3.
1
Suppose -q = -5*g - 7, -9*q + 4*g + 140 = -4*q. Calculate the remainder when q is divided by 11.
10
Let t be (-4)/(-1) - (-2 + 3). Suppose t*o + 2 - 29 = 0. Calculate the remainder when o is divided by 3.
0
Suppose -66 = -p + y, 0*y + 3*y = -2*p + 107. Calculate the remainder when 363 is divided by p.
58
Suppose 12*d - 17*d + 70 = 0. What is the remainder when 55 is divided by d?
13
Suppose 15 + 41 = 2*a. Calculate the remainder when 138 is divided by a.
26
Let s be (2/(-3))/((-6)/18). Let p = s + -1. What is the remainder when p is divided by 1?
0
Let m = -53 - -107. Suppose 0 = -4*d - 5*j + m, -3*d + 0*j = j - 46. Let s = 24 - d. Calculate the remainder when 15 is divided by s.
7
Let x = 0 - -23. Let j(m) = m**2 - m + 0*m + 2 - 4*m. Calculate the remainder when x is divided by j(6).
7
Suppose -4*p + 246 = -250. What is the remainder when p is divided by 18?
16
Let c = -18 - -64. What is the remainder when 90 is divided by c?
44
Let l(d) = d**3 + 19*d**2 + 16. What is the remainder when 47 is divided by l(-19)?
15
Let b(r) be the third derivative of -r**4/8 + r**3/6 - 3*r**2. What is the remainder when b(-3) is divided by 6?
4
Let l = 4 + -7. What is the remainder when 25 is divided by (-4)/6*l - -11?
12
Let y(x) = x**3 + 3*x**2 - 6*x - 6. Let p be y(-4). Suppose -2*m - 3*m = 15, 0 = -5*b + 2*m + 21. Calculate the remainder when 20/6*b/p is divided by 3.
2
Let y(n) = n**3 + 13*n**2 + 13*n + 18. What is the remainder when 34 is divided by y(-12)?
4
Let o(x) = -2*x**3 + x**2 + 3*x + 5. Let k be o(4). Let u = -60 - k. What is the remainder when u is divided by 19?
16
Suppose t + 4*j = 3*t - 156, 5*t - 435 = j. What is the remainder when t is divided by 19?
12
What is the remainder when 69 is divided by (-245)/(-14) - 1/(-2)?
15
Let t(p) = p + 4. Let q be t(-6). Let f be q*(-2)/(-4)*-3. Let g = f - -2. What is the remainder when 14 is divided by g?
4
Let i = -76 - -92. What is the remainder when 110 is divided by i?
14
Let g(d) = 6*d + 1. Let m be g(-1). Let x(c) = -c + 6. Let v be x(m). Suppose 4 = 5*u - v. What is the remainder when 8 is divided by u?
2
Let u = 13 - 25. Let n = u - -2. Calculate the remainder when 5 is divided by (-4)/(-20) - 18/n.
1
Suppose 4*q = 5*s - 50, -3*s = -0*s - 4*q - 38. Calculate the remainder when s is divided by (2/6)/((10/(-24))/(-5)).
2
Suppose 89 + 1 = -5*m. Let d = m + 30. What is the remainder when d is divided by 5?
2
Suppose 0 = -2*l - 3*b + 17, 0 = -3*l - l - 2*b + 54. Calculate the remainder when l is divided by 6.
4
Suppose 45 = -202*a + 207*a. Suppose 71 = 2*z - 3*d, -43 = -z - 5*d - 14. Calculate the remainder when z is divided by a.
7
Let s(h) = -h + 20. Let n be s(12). Let y = 9 + n. Calculate the remainder when y is divided by 9.
8
Let o(s) = -5*s**2 + 11*s + 5. Let b(x) = 3*x**2 - 6*x - 3. Let c(j) = 7*b(j) + 4*o(j). Let p = -35 + 61. Calculate the remainder when p is divided by c(-5).
12
Let k = -29 + -57. Let s = -45 - k. Calculate the remainder when s is divided by 14.
13
Suppose p = 3*p - 70. What is the remainder when p is divided by 13?
9
Let s be ((-4)/1)/((-4)/18). Let u = s - 8. Suppose -5*a + 2*o + 96 = 0, -o - 6 = o. What is the remainder when a is divided by u?
8
Suppose 4*z = -2*s - 4, 1 = -2*s + 4*z - 5*z. Suppose s = 4*b - 8*b + 48. Let f(w) = w**2 - w + 7. What is the remainder when b is divided by f(0)?
5
Let y(h) = -3*h + 3. Let j be y(-4). Suppose -2*u - 3*u + j = 0. Suppose -u*d = 15, 0*d + 4*d - 33 = -q. Calculate the remainder when q is divided by 14.
11
Suppose -8*x + 29 = -99. What is the remainder when 59 is divided by x?
11
Suppose f - 5 = -0*f. What is the remainder when 14 is divided by f?
4
Suppose 81*y = 75*y + 276. Calculate the remainder when y is divided by 24.
22
Let w = 18 + 5. Calculate the remainder when 86 is divided by w.
17
Let b = -22 + 25. Calculate the remainder when b is divided by 2.
1
Let t(b) = b**3 + 7*b**2 - 11*b - 9. Suppose y - 3*y = 0. Suppose y = -4*s + 222 - 50. Calculate the remainder when s is divided by t(-8).
13
Suppose -4*k + 2*z - 5*z = -36, 5*z = -4*k + 44. Let j = -6 + k. Suppose j*i + 39 = 3*i. What is the remainder when 25 is divided by i?
12
Let g(t) = t**2 - 27*t + 62. Let r(v) = -33*v + 1. What is the remainder when r(-1) is divided by g(25)?
10
Let o = 12 + -10. Calculate the remainder when ((-40)/(-12))/(o/39) is divided by 17.
14
Let i be (-2 + 7 + -2)*9. Let n = i + -3. What is the remainder when n is divided by 50/4 - (-3)/6?
11
Let v = 32 - 6. What is the remainder when v is divided by (-5)/2*(-108)/30?
8
Let r be (3 - 3)*1/(-2). Suppose 2*t + r*t - 6 = 0. Suppose c = 4*v + 9, -t*c + 6*c = 2*v + 27. Calculate the remainder when 26 is divided by c.
8
Let f be 2/(-3)*30/(-4). Suppose -3*x + q + 15 = -2*q, 4*q = -f*x + 43. What is the remainder when 25 is divided by x?
4
Let c be 18*((-3)/2 + 1). Let q = 17 + c. What is the remainder when 15 is divided by q?
7
Suppose -k = -2*b - b + 108, -5*b + 181 = -2*k. What is the remainder when 172 is divided by b?
32
Let t = -85 - -52. Let p = -15 - t. Calculate the remainder when 33 is divided by p.
15
Let g = 49 + -20. Calculate the remainder when g is divided by ((-20)/6)/(4/(-18)).
14
What is the remainder when 3*(1 - 34/(-6)) is divided by 11?
9
Let g = 87 - 38. Let s = g + -29. Suppose -4*p - 2*n - 4 = -42, -5*n = p - 32. What is the remainder when s is divided by p?
6
Calculate the remainder when (1*-1)/(4/(-196)) is divided by (7 + 19)/1 - 0/(-2).
23
Let i be (-1 - 0) + 5 + 3. Suppose 52 = -3*g + i*g. Calculate the remainder when 38 is divided by g.
12
Let z be 2/(-9) - 3219/(-27). Suppose 5*u = z - 39. Calculate the remainder when (-60)/(-2) + (8 + -3 - 5) is divided by u.
14
Let z = -58 - -323. Let t = z + -147. Suppose -20 = 2*o - t. What is the remainder when o is divided by 17?
15
Suppose -g = 5*y - 5*g - 162, -3*g - 99 = -3*y. Suppose -5*d + y = 4*x, 18 - 3 = -3*x. What is the remainder when -29*(1 + -2) - 0 is divided by d?
9
Calculate the remainder when 22 is divided by -4 + 344/44 + (-8)/(-44).
2
What is the remainder when (-1)/(-2 + 34/18) is divided by 5?
4
Suppose -3*b + 173 + 13 = 0. Calculate the remainder when b is divided by 16.
14
What is the remainder when -6 + 3 - -12 - 2 is divided by 4?
3
Let i = 27 + -13. Let w(r) = 27*r**2 + r. Calculate the remainder when w(-1) is divided by i.
12
Let o = -45 - -73. What is the remainder when o is divided by 15?
13
Let j = -25 + 41. Let k = 16 - 10. Calculate the remainder when j is divided by k.
4
Let l(f) = -f**3 + 6*f**2 - 6*f + 5. Suppose -4*q + 200 = -5*s + s, -4*s = 0. What is the remainder when q is divided by l(4)?
11
Let g = 18 + 116. Suppose -6 = 4*f - g. Suppose 43 = 3*d - 5*r, 2*r - 22 = -3*d + 7. Calculate the remainder when f is divided by d.
10
Let n = -6 + 11. What is the remainder when 8 is divided by n/(3/3)*1?
3
Suppose 50 = 3*f - 34. Suppose -2*w - w - 812 = -5*l, -300 = -2*l - 5*w. What is the remainder when f is divided by (2/(-4))/((-8)/l)?
8
Suppose 2*m = -a + 75, -95 = m - 3*m + 3*a. What is the remainder when m is divided by 21?
19
Let w(x) = x + 12. Let d be w(0). Suppose -4*q + d = -2*q. Suppose 7*y + 33 = 10*y. What is the remainder when y is divided by q?
5
Suppose -c + 58 = 3*u - 26, 5*u + 3*c = 144. What is the remainder when u is divided by 14?
13
Suppose 0 = 2*t - p - 64, -7*p = -3*t - 2*p + 82. What is the remainder when t is divided by 18?
16
Suppose -3 = 2*v - 6*v - 5*f, 2*f - 4 = -2*v. What is the remainder when (6/9)/((-2)/(-75)) is divided by v?
4
Let i(b) = b - 8. What is the remainder when 11 is divided by i(14)?
5
Let z = -1 - -3. Let m(k) = -4*k. Let b be m(-4). Suppose 17 = 3*l + 2*y, 4*y + b + 0 = 4*l. What is the remainder when l is divided by z?
1
Let t = 4 - 2. Let n = 9 - t. Let r(f) = -f**3 - 3*f**2 - f. Calculate the remainder when r(-4) is divided by n.
6
Let k(i) = 3*i - 3. Let g be k(2). Suppose -5*s = c - 206, s + g*c - c = 34. Let m = 62 - s. Calculate the remainder when 38 is divided by m.
18
Calculate the remainder when (-5)/(-15) + (-312)/(-9) is divided by 19.
16
Suppose -3*f + 6 = -4*f. Let q b